{"id":97,"date":"2014-11-16T21:01:52","date_gmt":"2014-11-16T20:01:52","guid":{"rendered":"http:\/\/www.nbb-steelandwood.de\/?page_id=97"},"modified":"2014-11-24T16:40:00","modified_gmt":"2014-11-24T15:40:00","slug":"leistungen","status":"publish","type":"page","link":"http:\/\/www.nbb-steelandwood.de\/?page_id=97","title":{"rendered":"Leistungen"},"content":{"rendered":"<p>[et_pb_section transparent_background=&#8220;off&#8220; background_color=&#8220;#c9c9c9&#8243; inner_shadow=&#8220;off&#8220; parallax=&#8220;off&#8220; parallax_method=&#8220;off&#8220;][et_pb_row][et_pb_column type=&#8220;4_4&#8243;][et_pb_slider admin_label=&#8220;Slider&#8220; show_arrows=&#8220;on&#8220; show_pagination=&#8220;on&#8220; auto=&#8220;on&#8220; parallax=&#8220;on&#8220; parallax_method=&#8220;off&#8220; auto_speed=&#8220;3000&#8243;][et_pb_slide heading=&#8220;NBB Metallbearbeitung&#8220; background_color=&#8220;#c9c9c9&#8243; alignment=&#8220;center&#8220; background_layout=&#8220;dark&#8220; image=&#8220;http:\/\/www.nbb-steelandwood.de\/wp-content\/uploads\/340046_original_R_K_B_by_JUREC_pixelio.de_.jpg&#8220;]<\/p>\n<p>Schwei\u00dfen, Schneiden, Stanzen, Pressen, Drehen, Fr\u00e4sen<\/p>\n<p>[\/et_pb_slide][et_pb_slide heading=&#8220;NBB Holzbearbeitung&#8220; background_color=&#8220;#c9c9c9&#8243; alignment=&#8220;center&#8220; background_layout=&#8220;dark&#8220; image=&#8220;http:\/\/www.nbb-steelandwood.de\/wp-content\/uploads\/444868_original_R_K_by_Thorben-Wengert_pixelio.de_.jpg&#8220;]<\/p>\n<p>Verpackungsbereich, Pellet Produktion<\/p>\n<p>[\/et_pb_slide][et_pb_slide heading=&#8220;NBB Werkzeugbau&#8220; background_color=&#8220;#c9c9c9&#8243; alignment=&#8220;center&#8220; background_layout=&#8220;dark&#8220; image=&#8220;http:\/\/www.nbb-steelandwood.de\/wp-content\/uploads\/NBB-WERKZEUGBAU2.jpg&#8220;]<\/p>\n<p>Stanzenfertigung, Erodierarbeiten mit Elektrodenerosionsmaschine und CNC Drahterodiermaschine<\/p>\n<p>[\/et_pb_slide][et_pb_slide heading=&#8220;NBB Lohnfertigung&#8220; background_color=&#8220;#c9c9c9&#8243; alignment=&#8220;center&#8220; background_layout=&#8220;dark&#8220; image=&#8220;http:\/\/www.nbb-steelandwood.de\/wp-content\/uploads\/693130_original_R_K_B_by_Rainer-Sturm_pixelio.de_.jpg&#8220;]<\/p>\n<p>Montage und N\u00e4harbeiten im Bereich Fahrzeugindustriezulieferung<\/p>\n<p>[\/et_pb_slide][et_pb_slide background_color=&#8220;#c9c9c9&#8243; alignment=&#8220;center&#8220; background_layout=&#8220;dark&#8220; heading=&#8220;NBB Logistik&#8220; image=&#8220;http:\/\/www.nbb-steelandwood.de\/wp-content\/uploads\/601802_original_R_K_by_Peter-Freitag_pixelio.de_.jpg&#8220;]<\/p>\n<p>Logistik- und Transportorganisation<\/p>\n<p>[\/et_pb_slide][et_pb_slide background_color=&#8220;#c9c9c9&#8243; alignment=&#8220;center&#8220; background_layout=&#8220;dark&#8220; heading=&#8220;Service&#8220; image=&#8220;http:\/\/www.nbb-steelandwood.de\/wp-content\/uploads\/604433_original_R_K_B_by_Petra-Bork_pixelio.de_.jpg&#8220;]<\/p>\n<p>Beratung und Betreuung bei Firmengr\u00fcndung in Rum\u00e4nien<\/p>\n<p>\u00dcbersetzungs- und Vertretungst\u00e4tigkeit:\u00a0 Ungarisch und Rum\u00e4nisch in Wort und Schrift<\/p>\n<p>[\/et_pb_slide][\/et_pb_slider][\/et_pb_column][\/et_pb_row][\/et_pb_section]<\/p>\n","protected":false},"excerpt":{"rendered":"<p><div class=\"et_pb_row et_pb_row_0 et_pb_row_empty\">\n\t\t\t\t\n\t\t\t\t\n\t\t\t\t\n\t\t\t\t\n\t\t\t\t\n\t\t\t<\/div> Schwei\u00dfen, Schneiden, Stanzen, Pressen, Drehen, Fr\u00e4sen Verpackungsbereich, Pellet Produktion Stanzenfertigung, Erodierarbeiten mit Elektrodenerosionsmaschine und CNC Drahterodiermaschine Montage und N\u00e4harbeiten im Bereich Fahrzeugindustriezulieferung Logistik- und Transportorganisation Beratung und Betreuung bei Firmengr\u00fcndung in Rum\u00e4nien \u00dcbersetzungs- und Vertretungst\u00e4tigkeit:\u00a0 Ungarisch und Rum\u00e4nisch in Wort und Schrift<\/p>\n","protected":false},"author":1,"featured_media":0,"parent":0,"menu_order":0,"comment_status":"closed","ping_status":"open","template":"","meta":{"_et_pb_use_builder":"on","_et_pb_old_content":"","_et_gb_content_width":"","footnotes":""},"class_list":["post-97","page","type-page","status-publish","hentry"],"_links":{"self":[{"href":"http:\/\/www.nbb-steelandwood.de\/index.php?rest_route=\/wp\/v2\/pages\/97","targetHints":{"allow":["GET"]}}],"collection":[{"href":"http:\/\/www.nbb-steelandwood.de\/index.php?rest_route=\/wp\/v2\/pages"}],"about":[{"href":"http:\/\/www.nbb-steelandwood.de\/index.php?rest_route=\/wp\/v2\/types\/page"}],"author":[{"embeddable":true,"href":"http:\/\/www.nbb-steelandwood.de\/index.php?rest_route=\/wp\/v2\/users\/1"}],"replies":[{"embeddable":true,"href":"http:\/\/www.nbb-steelandwood.de\/index.php?rest_route=%2Fwp%2Fv2%2Fcomments&post=97"}],"version-history":[{"count":24,"href":"http:\/\/www.nbb-steelandwood.de\/index.php?rest_route=\/wp\/v2\/pages\/97\/revisions"}],"predecessor-version":[{"id":112,"href":"http:\/\/www.nbb-steelandwood.de\/index.php?rest_route=\/wp\/v2\/pages\/97\/revisions\/112"}],"wp:attachment":[{"href":"http:\/\/www.nbb-steelandwood.de\/index.php?rest_route=%2Fwp%2Fv2%2Fmedia&parent=97"}],"curies":[{"name":"wp","href":"https:\/\/api.w.org\/{rel}","templated":true}]}}